). Let u(k) = -6*k**3 - k**2 + 1. Calculate u(h).
-6
Suppose -3*j = -6 + 3. Let t = j + 2. Let i(r) be the second derivative of r**4/12 - r**3/6 - 2*r**2 - 9*r. Calculate i(t).
2
Let r(y) = y + 12. Let t(z) = -2*z - 25. Let i(u) = -5*r(u) - 2*t(u). What is i(-5)?
-5
Let p(g) be the first derivative of g**2/2 + 3*g - 14. Determine p(-4).
-1
Let r(w) = 6*w**2 - 10*w + w**3 + 12*w + 3 + 0. Let i(h) = h**3 + 3*h**3 - h - 5*h**3 - 5*h**2 - 3. Let p(g) = -5*i(g) - 4*r(g). Determine p(-3).
-6
Let c(j) be the second derivative of j**3/6 - j**2/2 - 13*j. Let u(x) = x**2 + 3*x - 4. Let s be u(-6). Suppose 4*d - s = 3*w, d = -0*w + w + 3. Determine c(w).
1
Let y = 50 - 52. Let t(d) = 4*d + 3. Calculate t(y).
-5
Let w be 2*(-1)/(-2)*2. Let h(l) = l**2 - l**2 - 4*l + l**2. Give h(w).
-4
Let h(t) be the first derivative of -5*t**2/2 + t - 7. Let d(m) = -6*m + 1. Let q(z) = 2*d(z) - 3*h(z). Calculate q(-1).
-4
Let w = 0 + -6. Let c = 8 + w. Let p(a) = 0*a**2 + a**2 - 5*a + c*a - 2. Calculate p(5).
8
Let p(g) = 2*g**2 - g. Suppose -i = -3, -4*i + 4 = 3*y + 25. Let o be y + 10 - (-1 - -1). Determine p(o).
3
Let o(q) be the third derivative of q**5/60 - q**3/3 - q**2. Suppose 2*f = 6, -y - 5*f + 2 = -18. Suppose 0 = 4*s + 7 + y. Determine o(s).
7
Let q(a) be the first derivative of 4 + 5/3*a**3 + 1/4*a**4 + 3*a**2 + 2*a. Determine q(-4).
-6
Let q(s) = 4*s - 2. Let h be q(2). Let a = h + -3. Let j(l) = a + 1 + 0 - l - 2. Calculate j(3).
-1
Let s(h) = 7*h**3 + 2*h**2 - 4*h + 3. Let n be s(1). Let f(a) = a - 5. What is f(n)?
3
Let t(f) = -f**2 - 4*f + 5. Let i(a) = -a**2 + 18*a - 7. Let p be i(18). Determine t(p).
-16
Let t(x) = -11*x**2 + 2*x + 4. Let h(o) = 7*o**2 - o - 3. Let z(s) = -8*h(s) - 5*t(s). Give z(-3).
1
Let m = -1 + 1. Let a(x) = m*x**2 + x**2 - 3*x**2. Suppose 0 = -0*f + 2*f + 4. What is a(f)?
-8
Let r = 8 + -4. Suppose 3 - 2 = -3*m + 2*w, 3*w + 24 = -r*m. Let v(s) = s + 3. Let l be v(m). Let b(g) = -g**3 + g**2 - g. Determine b(l).
0
Let w(l) = 61*l - 60*l + 7 + 4 + 0. Calculate w(0).
11
Let r(q) = -q**3 - 5*q**2 + 7*q + 8. Let j(t) = 6*t**3 + t**2 + t. Suppose 0 = m - 3 + 4. Let n be j(m). Give r(n).
2
Let h(p) = p**2 + 22*p + 80. Let y be h(-17). Let r(q) = q**2 + 4*q. What is r(y)?
5
Let b(c) = -c + 3. Let t(f) = f - 3. Let v(h) = -7*b(h) - 6*t(h). Let o be (9 + 1)*9/18. Suppose 3*r = 2*r + x + 6, 3*r + o*x - 2 = 0. Calculate v(r).
1
Let r = 44 + -24. Let l = r - 12. Suppose -4*i + l = -0*i. Let w(o) = o**2 + 2*o + 1. Determine w(i).
9
Let z(n) = n + 1. Let w(d) = 4*d - 5 - 7*d - 3*d. Let f(r) = -4*w(r) - 22*z(r). Suppose -s - 4 = 0, -s = 3*j - 5*j. Determine f(j).
-6
Let j(g) be the second derivative of -g**5/20 - g**4/3 + g**3 + 5*g**2/2 - 32*g. Calculate j(-5).
0
Let u(s) = -s**2 - s + 1. Let j(v) = 7*v**2 - 3. Let n(l) = j(l) + 2*u(l). Suppose 0 = -4*r - 4*t + 4, 5*r + 1 + 22 = 2*t. Let m be (1/3 + 0)*r. Determine n(m).
6
Let y be (-1)/3 - 76/(-12). Let m(h) = -h**3 + 6*h**2 + 3*h - 9. What is m(y)?
9
Suppose -3*t + 0 = 12. Let v(y) = 2*y**2 - 2*y. Let c(x) = 14*x**2 - 5*x + 6. Let u(l) = -c(l) + 6*v(l). Calculate u(t).
-10
Let s(k) = 3*k + 2 + 2 - 7. Give s(-5).
-18
Let j(k) = k**2 - 6*k + 2. Let d be j(6). Let c(g) be the second derivative of 5*g + 0 + 1/2*g**2 + 1/3*g**3. Determine c(d).
5
Let o = -1 + -5. Let h(m) = 14*m**3 + 10*m**2 + 18*m - 4. Let j(i) = -5*i**3 - 3*i**2 - 6*i + 1. Let q(g) = 4*h(g) + 11*j(g). Determine q(o).
-5
Let d(x) be the first derivative of x**3/6 - x**2/2 + 3*x - 6. Let m(v) be the first derivative of d(v). Determine m(-6).
-7
Let w be 0 - -1*(-2)/(-8). Let h(s) be the third derivative of 0 + 2/3*s**3 + 0*s + w*s**4 + 1/60*s**5 + 4*s**2. What is h(-5)?
-1
Let a(n) = -n**3 - 7*n**2 + 18*n - 1. Let q be a(-9). Let m(t) be the third derivative of -t**4/3 + t**2. Give m(q).
8
Let c(k) = 17*k**3. Let a be 1 + (-4 - -6) - 2. Give c(a).
17
Let p(h) be the first derivative of -h**4/4 - 3*h**3 + 5*h**2 + 3*h - 3. Let x be p(-10). Let c(g) = 6 + 5*g**2 - x*g**2 - 4 - 3*g**2 + 2*g. Give c(3).
-1
Let p be -9 - (4 + -7) - -1. Let o(y) = y**3 - 5*y**2 + 3*y - 7. Let j(r) = -r**3 + 6*r**2 - 4*r + 8. Let g(m) = p*j(m) - 6*o(m). Calculate g(-2).
6
Let z(u) = -15*u + 17. Let b(n) = -8*n + 9. Let m(g) = 11*b(g) - 6*z(g). Suppose -6*h - 2*v - 7 = -h, 19 = -h + 4*v. What is m(h)?
-9
Let y(h) = h**2 - 4*h - 3. Let s be ((-4)/6)/(2/(-3)). Suppose 0 = -2*c - p + 8 - s, -1 = -p. What is y(c)?
-6
Suppose h + 29 = 5*s, -3*h - s - 11 = -2*h. Let l = 9 + h. Let d(t) = -t**2 - 4*t + 3. Let v(m) = -m**2 - 4*m + 4. Let o(a) = -6*d(a) + 5*v(a). Calculate o(l).
7
Let j(x) = -x**2 + 6*x + 1. Let n(d) = -d**3 + 6*d**2 - 5*d + 4. Let v be n(5). Suppose -9*k + v*k + 25 = 0. Give j(k).
6
Let h(d) = -d - 1. Suppose -4*o = 2 - 6. Let p(b) = 7*b + 7. Let c(i) = o*p(i) + 6*h(i). Determine c(6).
7
Let l(g) = -2*g + 7*g**2 - g - g**3 - g + 5*g - 7. What is l(7)?
0
Let s(w) = -w**3 + 6*w**2 + 6. Let t be s(6). Let p(k) = t - k + 2*k**2 - 2*k**2 - 2*k - k**2. Let l = 11 - 16. Calculate p(l).
-4
Let g = -10 - -16. Let t be (-1 + g/(-4))*-2. Let v(z) be the second derivative of z**3/3 - 2*z**2 - 34*z. Give v(t).
6
Let v(f) be the first derivative of f**4/4 - 2*f**3 + 3*f + 5. Calculate v(6).
3
Let z(j) be the third derivative of j**9/60480 + j**8/20160 + j**7/5040 - j**6/360 - j**5/12 + j**2. Let o(c) be the third derivative of z(c). What is o(0)?
-2
Let y(i) be the second derivative of i**6/360 + 7*i**5/120 + i**4/4 - i**3/3 - 2*i. Let c(q) be the second derivative of y(q). What is c(-4)?
-6
Let j(u) = u**3 + 2*u**2 - u - 1. Let m = 40 - 18. Let s be (-48)/m - 16/(-88). Calculate j(s).
1
Let z(q) be the first derivative of -5*q**3/6 - q**2 - 7*q - 2. Let u(r) be the first derivative of z(r). Calculate u(-2).
8
Let u be (-4)/18 + 43/(-9). Let s(i) be the first derivative of i**3/3 + 4*i**2 + 3*i - 2. What is s(u)?
-12
Let q(v) be the third derivative of -v**6/120 - v**3/3 + 3*v**2. Let t be (2/4)/((-1)/2). Let r = -3 - t. Give q(r).
6
Let a = 12 + -8. Let d be (-4 - 56/(-12))*12. Suppose 0*r - d = -a*r. Let o(u) = -u**3 + 3*u**2 - 3*u + 1. Calculate o(r).
-1
Let y(m) = m + 2. Let p(g) = 5*g + 11. Let v(l) = -2*p(l) + 11*y(l). Calculate v(-6).
-6
Let y(u) = u**2 + u + 3. Let z be y(0). Let n = 7 - 11. Let g be 7/z + n/(-6). Let r(m) = m**3 - 4*m**2 + m + 2. Determine r(g).
-4
Let f(l) be the second derivative of l**5/120 - l**4/24 - l**3/2 + 4*l. Let d(z) be the second derivative of f(z). What is d(-4)?
-5
Let j(w) = -3*w + 1. Let t be (-20)/6*(-3)/2. Suppose -m = 4*c - 15, -2*c + 2*m + 15 = t*m. Let o be -6*1*(-1)/c. Determine j(o).
-5
Let f(r) = r**2 - 9*r - 6. Let a = 109 - 100. Give f(a).
-6
Let t(j) be the first derivative of -j**4/4 + 2*j**3/3 + 2*j**2 - j + 7. What is t(3)?
2
Let b(v) = 2*v + 2. Let k = -21 - -19. Calculate b(k).
-2
Let a(s) = -2*s**3 + 5*s**2 - 5*s - 4. Let b(r) = 2*r**3 - 4*r**2 + 4*r + 3. Let u(o) = 4*a(o) + 5*b(o). Calculate u(1).
1
Let h(b) be the third derivative of -b**4/24 - 2*b**3/3 + 55*b**2. What is h(0)?
-4
Let w(f) = -5*f**2 - 7*f - 4. Let d(h) = -4*h**2 - 7*h - 4. Let j = 16 + -27. Let q = j + 7. Let x(i) = q*d(i) + 3*w(i). Determine x(-4).
-8
Let z(q) be the first derivative of q**4/4 + 11*q**3/3 - q**2/2 - 2*q + 36. Give z(-11).
9
Let o(k) = -k**2 + k. Suppose 29*l - 24*l - 15 = 0. Give o(l).
-6
Let p = 18 - 6. Suppose -2*l + 2*x + 2 = -4, -5*l - p = 4*x. Let h be 4 - (-1)/3*l. Let v(s) = -s - 1. Give v(h).
-5
Let o(s) = -7*s**3 + s**2 - 5. Let z(m) = -m**3 - 1. Let d(g) = o(g) - 6*z(g). Give d(2).
-3
Let c(d) = 2*d + 13. Let y be c(-9). Let z = y + 1. Let v(k) = 2*k + 6. What is v(z)?
-2
Let y be 14/35 + 17/(-5). Let u(d) = -3*d**2 + 1. Let i(a) = 3*a**2 - 1. Let g(o) = y*u(o) - 4*i(o). What is g(1)?
-2
Let c(z) = z**2 + 10*z + 5. Let s(h) = -h**2 - 11*h - 5. Let f(w) = 6*c(w) + 5*s(w). Give f(-6).
11
Let k(c) = 13*c - 3. Let j(z) = 5*z + 7. Let d be j(-1). Give k(d).
23
Let c(z) = 8 - 8*z + 9*z + 0*z. Let j(b) = -b - 7. Suppose 0 = -5*g - 25, t + 4*g = 2*t - 26. Let k(d) = t*c(d) + 7*j(d). Determine k(2).
-3
Let l(n) = -n**2 + 5*n + 5. Let a be 6 - ((-3)/(-1))/(-3). Let o(b) = -b**2 + 8*b + 3. Let i be o(a). Suppose 0 = -2*g + i. Calculate l(g).
5
Suppose 0 = g + 4 + 4. Let l(s) = s**2 + 11*s + 6. Give l(g).
-18
L